nits digit of n/(-3 - 525/(-182))?
2
Suppose -5*c + q + 2*q + 2 = 0, -5*c + 7 = 2*q. Let y(j) = 994*j**3 + 4*j**2 - 3*j. What is the units digit of y(c)?
5
What is the hundreds digit of (-64623)/52*(-20)/15?
6
Suppose 3*q + q = 0. Suppose -2*c + 777 = -q*c + 5*x, -3*c + 1128 = -5*x. Suppose 2*v - 144 = -3*i + 141, 4*i + 3*v - c = 0. What is the tens digit of i?
9
Let y = 96 + -98. Let m be 2*(-695)/20*y. Let n = m - 71. What is the units digit of n?
8
Suppose g + 0*g - 4*d = 0, -5*d - 2 = -g. What is the tens digit of (-969)/(-6) + (-4)/g + 0?
6
Suppose m - v - 21 = -0*v, 5*m + 5*v = 115. Let o = -53 - m. What is the units digit of (-6720)/o - 6/10?
9
What is the tens digit of (3 - (-10)/(-4))/((-5328702)/532872 - -10)?
0
Let r be 1 + (-20)/4 - -4. Suppose 13 = j - r*j + 2*n, -4*j = 4*n - 36. Suppose -2*l + 80 = 2*h - 38, -j*l + 289 = 2*h. What is the units digit of l?
7
Let x = -1501 + 1419. Let f be 8/(-28) - (-1326)/(-14). Let k = x - f. What is the tens digit of k?
1
Let j = -123 - -217. Suppose 2*a - 96 = j. What is the tens digit of a?
9
Suppose 0 = -d + 33 - 112. Let r = 19 - d. Let y = -30 + r. What is the units digit of y?
8
Let l(n) = -108*n + 35. Let c be l(3). Let p = 628 + c. What is the hundreds digit of p?
3
Let f(j) = j**2 - 7*j - 24. Let q(b) = 2*b**2 - 6*b - 25. Let w(n) = -3*f(n) + 2*q(n). Let p be w(-7). What is the hundreds digit of p - 9 - 82*-2?
1
Let i(u) = -5*u + 84. Let h be i(16). Suppose 0 = -8*k + 9*k - 5*j - 198, -198 = -k + h*j. What is the tens digit of k?
9
What is the units digit of 82465 - 1 - (276/(-207))/((-6)/(-9))?
6
Suppose 6*s = 7*s - 8. Suppose -a - s*a = 27. What is the units digit of (-3)/(a - 540/(-184))?
6
Let v = -21440 + 22472. What is the units digit of v?
2
Suppose -2 = 6*i + 10. Let b be (i/(-6))/(5/30). Suppose -836 = -4*g + g + s, -b*g - s = -554. What is the hundreds digit of g?
2
Suppose -384 = -8*d + 2*d. Let n be (-21)/6*d/(-56). Let c(x) = 39*x + 10. What is the units digit of c(n)?
6
Suppose 15 = d + 3*z, -79 = -5*d - 4*z - 26. Let l(u) = 2*u**2 + 2*u. Let m(q) = 7*q**2 + 30*q + 8. Let a(r) = 5*l(r) - m(r). What is the units digit of a(d)?
5
Let q(z) = 41*z**2 + 650*z + 36. What is the hundreds digit of q(19)?
1
Suppose -41355 = -5*p - 5*s, -p + 8259 = 176*s - 172*s. What is the thousands digit of p?
8
Suppose -24 + 0 = -8*l. Suppose -y - 3 = -l*u, -u = y + 3*y - 14. Suppose 6*b - 1449 = -y*b. What is the units digit of b?
1
Let j = 25 - 44. Let b(l) = l**2 + 21*l + 43. Let o be b(j). Suppose -2*k + 393 = -o*r, 2*k - 290 = -4*r + 94. What is the hundreds digit of k?
1
Let q(j) = 3*j**2 + 5*j - 1266. What is the tens digit of q(-78)?
9
Suppose 5*q - 6*q = -4288. Suppose 7*v + 270 = q. What is the hundreds digit of v?
5
Suppose -4*g - 4*u = 4, -3*g + u - 11 = -7*g. Suppose 0 = -4*m - 5*k + 32, -3*k + 13 - g = -m. What is the hundreds digit of (m/(-6))/((-2)/796)?
1
Suppose -27115 + 282545 = -9*n + 16*n. What is the thousands digit of n?
6
Let c(b) = b**2 + 17*b + 223. What is the thousands digit of c(66)?
5
Let v(y) = 5*y - 8. Let w be v(0). Let r be ((-22)/w + -2)/((-9)/(-36)). Suppose -r*g + 581 = -2*c, 2*g + c - 381 = -4*c. What is the hundreds digit of g?
1
Let n be (-18)/24 + (-2)/16*-6. Suppose -12*s + 32 - 8 = n. What is the tens digit of 17 - (4 - s - 1)?
1
What is the hundreds digit of 3 + 6/(10 - (-102497)/(-10250))?
5
Let s = -237 - -307. Let a = 414 - s. What is the tens digit of a?
4
Let u(x) = -1247*x - 157. What is the units digit of u(-6)?
5
Let x(b) = 11*b - 73. Suppose -35 = -6*j + 7. Let q be x(j). Suppose -q*g + 151 = -381. What is the tens digit of g?
3
Let y(f) = -f**2 + 4*f - 1. Let v = -88 + 93. Let u be y(v). What is the units digit of (16/u)/(-6 - (-2208)/369)?
4
Let y = 976 + 4974. What is the thousands digit of y?
5
Let c(x) = -2*x**3 - 35*x**2 + 39*x - 11. Let g be c(-20). Let k = -463 + g. What is the units digit of k?
6
Let w = -470 - -274. What is the tens digit of (-36)/63 + (-7)/(w/5896)?
1
What is the hundreds digit of (96/160)/(0 - (-1)/82055)?
2
Suppose 4217*l + 3452 = 4218*l. What is the thousands digit of l?
3
Let p be (4/(-3))/((-4)/(-12)). Let h(m) = -6*m + 1. Let i(o) = -7*o + 2. Let j(s) = p*h(s) + 3*i(s). What is the units digit of j(6)?
0
Let q = 9 - 27. Let t be 38/(-12) + (-3)/q - -7. Let g(u) = u**3 - 5*u**2 + 5*u + 4. What is the units digit of g(t)?
8
Suppose 4*j - 7 = -a, 2*j + 5*a = 5*j - 11. Suppose -j*n + 5 - 1 = 0. Suppose 5*f - 5*z - 825 = 0, -839 = -3*f - n*f - 2*z. What is the tens digit of f?
6
What is the tens digit of 223/2*(-33 + (-2 - -121))?
8
Let z = 13831 + -9374. What is the hundreds digit of z?
4
Let j(b) = -b**3 + 27*b**2 - 42*b - 20. What is the units digit of j(-11)?
0
Let j = 64 - 73. Let s(q) = q**3 + 7*q**2 + 4*q + 6. Let d be s(j). Let a = -88 - d. What is the tens digit of a?
0
Let o = 50187 - 29009. What is the units digit of o?
8
Let t(b) be the second derivative of -b**4/6 - b**3/3 + 180*b**2 + 29*b - 2. What is the units digit of t(0)?
0
Suppose 0*y + n = -2*y + 11, 2*y = -2*n + 14. Let m(s) = 20*s - 9. What is the units digit of m(y)?
1
Let g(a) = 3*a**3 - 4*a**2 - 5*a - 9. Let o be g(3). Suppose o*u + 0*u - 19005 = 0. What is the tens digit of u?
0
Let x(y) = 656*y**2 + 31*y + 6. What is the ten thousands digit of x(-4)?
1
Suppose -5*j = -4*f + 68, -3*j - 18 = -6. Suppose -k = -7*k + f. Suppose 0 = p + 4, -k*g = -2*p - p - 56. What is the tens digit of g?
2
Suppose 419*d + 21519 = 422*d. What is the tens digit of d?
7
Let a(i) = i**2 + 18*i - 14. Let d be a(-16). Let u = d - -78. Suppose v - 5*b = 45, 2*v + u - 122 = 4*b. What is the tens digit of v?
4
Let n = -2483 + 1651. Let b = -527 - n. What is the hundreds digit of b?
3
Let v be (1 - -4 - 1) + -9. Let w be ((-52)/(-10) + v)*5. What is the hundreds digit of 1869/7 - (w - 6)?
2
Suppose 20*h + 19 = 2*b + 25*h, -5*h + 43 = 4*b. What is the units digit of 4215/b - ((-6)/8)/(-3)?
1
Let b(m) = 21*m - 7. Let d be b(11). Let v = d - 213. What is the units digit of v?
1
Let z(g) = 3*g**3 - 42*g**2 + 2*g. Let l be z(14). Let j(n) = n + 8. Let a be j(-4). Suppose -l = -a*p + 56. What is the tens digit of p?
2
Let f(n) = 299*n**2 + 185*n + 243. What is the ten thousands digit of f(-18)?
9
Let q = 28170 - 16875. What is the ten thousands digit of q?
1
Let u = 2552 + -887. What is the hundreds digit of u?
6
Let x be (-9 + 11)/(2/20). Let s be 1/(x/(-112))*-5. What is the tens digit of (-8)/s - (-788)/14?
5
Suppose 2*t + 4652 = -5*v + 17292, 5*v + 20 = 0. What is the hundreds digit of t?
3
Suppose 10 = 25*m - 23*m. Let n(d) = d**3 + d**2 + 16. What is the tens digit of n(m)?
6
Let p = 399 - -1071. Suppose -3*n - p = -6*n. Suppose -3*o - o = -5*t - 363, 0 = 5*o + t - n. What is the units digit of o?
7
Let t(k) = -k**3 + 5*k**2 + k - 7. Let j be t(4). Let u = j - -287. Suppose 60*a = 63*a - u. What is the units digit of a?
0
Let c be -159*(2 + (-10)/6). Let m = -43 - c. Let k(x) = 8*x. What is the units digit of k(m)?
0
What is the thousands digit of 16*7/((-448)/(-13392))?
3
Let f(z) = -37*z**3 + 56*z**2 + z - 22. What is the units digit of f(-5)?
8
What is the hundreds digit of 50411 - -16 - 1 - 21?
4
Let i(r) = -8*r + 14*r - 10*r - 25 - 6*r + 16*r**2. What is the tens digit of i(-4)?
7
Suppose 14 = -4*s - 1194. Let t be s/18 + (-2)/9. What is the units digit of t/(-68) - (-23)/4?
6
Let l(d) = d**2 - 7. Let c be l(-5). Suppose -2*r + 3*n + 9 = -21, r = 3*n + c. Suppose r = -h + 159. What is the tens digit of h?
4
What is the tens digit of 44*-1*(-39 + -89)?
3
Let b be -25*13 + -3*(-5)/(-15). What is the units digit of (1 - b) + (-62 - -56)?
1
Suppose -4 = -3*z + 2. What is the units digit of (-40)/(-70) - (4077/(-7) - z)?
5
Let j(q) = 155*q**2 + 30*q - 91. What is the thousands digit of j(4)?
2
Let l(h) = -h**3 + 63*h**2 - 99*h + 979. What is the tens digit of l(58)?
5
Suppose 3*p - 8 = 2*s + 7, 0 = -5*s + 5*p - 25. Suppose -4*i - i + 850 = s. What is the hundreds digit of i?
1
Let y(u) = 26*u**3 - 2*u**2 - 9*u - 16. Let a(g) = 26*g**3 - 3*g**2 - 9*g - 15. Let d(q) = 4*a(q) - 5*y(q). What is the units digit of d(-2)?
2
Suppose 5*h = -5*l - 16110, 0 = -3*l - 5*h - 3710 - 5960. What is the tens digit of 4/18 + l/(-9) + -4?
5
Let a(w) = 386*w - 799. What is the uni